by z(i).
11
Let z = -502 - -530. Calculate the remainder when z is divided by 11.
6
Let n be (-2 - 0) + (-24)/(-4). Suppose 2*z - n*d = 26, -z + 5*d = -0*z - 25. Suppose -40 = -z*i - 10. What is the remainder when 15 is divided by i?
3
Let z = 908 + -899. Let l(p) = -p**2 - 7*p - 6. Let a be l(-5). Suppose 2*t = -g - 3*g + 22, 0 = 3*g - t - a. Calculate the remainder when z is divided by g.
0
Suppose -2*g - 27 = -89. Suppose 95 = 4*f + l, 2*f - 4*l = l + g. What is the remainder when f is divided by 13?
10
Let l be 584/(-6) + (2 - (-32)/(-12)). Let s = -83 - l. Calculate the remainder when s is divided by 10.
5
What is the remainder when 68 is divided by (-1104)/(-30) + (-12)/15 - 0?
32
Suppose 0 = -20*s + 46*s - 702. Calculate the remainder when s is divided by 1*(14*-1)/(-2).
6
Suppose 3*b = -5*s + 8, 3*s - b - 12 = 4. Suppose s*v - v - 12 = 0. Suppose -14*k - 106 = -302. Calculate the remainder when k is divided by v.
2
Calculate the remainder when 74 is divided by (-111)/(-7) + 0 + 14/98.
10
Let y be (-2)/3 - 182/(-21). Suppose -y*s = -28 - 36. Let i = s - 4. What is the remainder when 15 is divided by i?
3
Suppose 43*s - 804 = 31*s. What is the remainder when s is divided by 7?
4
Calculate the remainder when (-18 + 20)/(2 - (-234)/(-118)) is divided by 17.
16
Suppose 4 = 2*x - d, x - 4*d = -d - 3. What is the remainder when 10 is divided by x?
1
Suppose -2*r = -4*j - 20, -1 = 2*j + 3. What is the remainder when 26 is divided by r?
2
Suppose 15*i + 336 = 4056. Calculate the remainder when i is divided by 66.
50
Let i = 0 - 2. What is the remainder when 14 is divided by (1/i)/((-4)/64)?
6
Let b = -5 + 5. Suppose -j = -1 - b. Suppose 16 = 5*y + j. Calculate the remainder when 5 is divided by y.
2
Let k(g) = 7*g - 1. Let n be k(1). Let h(i) = 2*i**2 + 3*i - 3. What is the remainder when h(-4) is divided by 1 + 11 + (n - 9)?
8
Suppose 0 = 10*n - 79 + 9. What is the remainder when 12 is divided by n?
5
Suppose 2*w + 0 = -2, -5*w - 14 = -3*s. Suppose -r - 44 = -i, -s*r = 2*i + 72 + 40. What is the remainder when 9 is divided by (-56)/(-10) - 16/r?
3
Let h(m) = -3*m + 0 + 3 - 7 + 2*m + 8*m**2. Let c be 3/(-2) + (-7)/(-2). What is the remainder when 49 is divided by h(c)?
23
Let f(g) = g**3 + 7*g**2 - 28*g - 133. Calculate the remainder when (40/6)/((-6)/(-45)) is divided by f(-8).
23
Suppose -y - 2*q + 12 = 0, -93 = -4*y - 3*q - 30. Suppose -5*n + 63 - y = 0. Suppose 7*i - 9*i + 8 = 0. What is the remainder when n is divided by i?
1
Let z(n) = -n + 1. Let w(g) = 6*g - 1. Let y be w(-1). Calculate the remainder when 22 is divided by z(y).
6
Suppose -17*m + 147 = 32*m. Calculate the remainder when 134 is divided by m.
2
Suppose 20 = -5*h - 0, -3*h = -r + 43. Let u = -41 + 57. Calculate the remainder when r is divided by u.
15
Let l(v) = 3*v**3 + 6*v**2 + v + 9. What is the remainder when l(3) is divided by 19?
14
Suppose 15 = -5*u, -2*v - 3*u + 75 = -6*u. Calculate the remainder when 195 is divided by v.
30
Let i be (2 - 0) + -1 + (-3 - -3). Let h(y) = 17*y**3 - y**2 - 2*y + 2. What is the remainder when 75 is divided by h(i)?
11
Let p(m) = -m**3 - 12*m**2 - 15*m - 25. Let q be 66/9*27/(-18). Calculate the remainder when 37 is divided by p(q).
18
Let g(u) = u**2 + 10*u - 7. Let o be g(-11). Suppose o*t = -v + 92 + 5, 0 = 5*v - 2*t - 441. Calculate the remainder when v is divided by 15.
14
What is the remainder when (-216)/(-7) + (30/14 - 2) is divided by 21?
10
Suppose 0 = -q - 2 + 6. Let i be (8/(-12))/(q/(-42)). Let o = i + 16. Calculate the remainder when o is divided by 8.
7
Suppose 2*f - 12 = z - 3*z, 0 = 3*z - f - 22. Calculate the remainder when 34 is divided by z.
6
Let s = 83 - 84. Calculate the remainder when 119 is divided by (28/12 + s)/((-4)/(-90)).
29
Suppose 14*x - 7*x + 31*x - 190 = 0. Suppose -2*i - 17 = 19. Let j = i - -26. What is the remainder when j is divided by x?
3
Suppose -4*s + 0*y + 121 = -3*y, y = -2*s + 53. What is the remainder when 137 is divided by s?
25
Suppose -46*v - 4688 = -67156. Calculate the remainder when v is divided by 17.
15
Suppose -50*d - 2270 = -60*d. Calculate the remainder when d is divided by 33.
29
Let j(h) = 6*h**2 + 17*h + 58. What is the remainder when j(-10) is divided by 41?
37
Suppose -3562*u + 3563*u = 15. Calculate the remainder when 3657 is divided by u.
12
Let c(m) = -2*m + 71. What is the remainder when 49 is divided by c(24)?
3
Suppose 284 = -3*p + 83. Let m = 120 + p. Calculate the remainder when m is divided by 20.
13
Let z(c) = c + 65. Let l = -40 + 54. What is the remainder when z(-24) is divided by l?
13
Let z be 6579/(-45) + (-2)/(-10). Suppose 24 = d - 5*c, 3*d - d - 37 = -c. Calculate the remainder when z/(3/3*-2) is divided by d.
16
Let y(z) = z + 12. Calculate the remainder when (-10)/4*28/10 - -20 is divided by y(-6).
1
What is the remainder when 125 is divided by ((-2)/4)/(4/(-344))?
39
Let j = 299 + -255. What is the remainder when 169 is divided by j?
37
Let g = 66 + -47. Suppose -189 = -10*c - g. What is the remainder when 46 is divided by c?
12
Let a(d) = d**3 - 5*d**2 + 4*d. Let h be a(4). Suppose h = 5*z + 15 + 10. Let t(g) = -9*g - 11. Calculate the remainder when 100 is divided by t(z).
32
Let m(f) = -2*f**3 + 15*f**2 - 7*f - 7. Let p(s) = s**3 - 8*s**2 + 4*s + 4. Let t(q) = -3*m(q) - 5*p(q). Calculate the remainder when t(5) is divided by 4.
2
Suppose -5*t = -2*d - 77, t = 2*d + 5 + 12. Suppose 8 = 4*c, -2*c = 2*q - 29 - t. What is the remainder when 38 is divided by q?
18
Let u(j) = j**3 + j**2 - 4*j - 6. Let k be u(3). Let c = -8 + k. What is the remainder when 16 is divided by c?
6
Let r(x) = -x**3 - 9*x**2 + 106*x + 1. What is the remainder when 1162 is divided by r(6)?
95
Suppose 3*g = -29 + 245. Suppose 0 = -2*h - 5*w + 35, -192 = -5*h + 4*w - 55. Calculate the remainder when g is divided by h.
22
Suppose -2*u = -2*c + 30 - 8, u + 41 = -5*c. Calculate the remainder when 264 is divided by (u/(-12))/((-4)/(-42)).
12
Suppose 0 = i - 3*i - 70. Let l = 313 - 131. Calculate the remainder when (10/i)/((-2)/l) is divided by 15.
11
Suppose 0 = -0*n + 2*n + 5*t - 5, -4*n - 4*t - 20 = 0. Let a = n - -20. Let s = -95 + 142. What is the remainder when s is divided by a?
7
Suppose 96 = -0*n + 4*n - 4*q, -n + 2*q = -21. Let i be (0 - -4 - 4)/2. Suppose m - 16 + 6 = i. What is the remainder when n is divided by m?
7
Let g(f) = -2*f**2 + 10*f - 43. Let h be g(10). Let w = -85 - h. What is the remainder when w is divided by 31?
27
Let u be (-544)/(-18) + 56/(-252). Let f = 44 + u. Calculate the remainder when f is divided by (19/2)/(1/2).
17
Let m = 96 + 42. Suppose -3*a + 2*d + 96 = -d, 12 = a + 4*d. Calculate the remainder when m is divided by a.
26
Suppose -5*h + 76 = -4*x + 23, 0 = 3*h - 3*x - 33. Calculate the remainder when 114 is divided by h.
6
Suppose l - 3*l + 20 = 0. Suppose -51 - 37 = -4*m. Suppose y - m - 1 = -5*k, -k = 2*y - 10. What is the remainder when l is divided by k?
2
Let v = 78 - 1. Let t(j) = 2*j**2 - 17*j - 4. What is the remainder when v is divided by t(10)?
25
Suppose -4*h = 4, -2*h - 32 - 45 = -5*f. Let i(t) = 2*t - 21. Calculate the remainder when 53 is divided by i(f).
8
Calculate the remainder when 44 is divided by 440/18 - (10 + (-946)/99).
20
Let p(r) = 7*r**2 + 10*r + 1. Suppose -5*z = 2*a - 92, 4*a - 3 = 3*z - 79. What is the remainder when p(-3) is divided by z?
14
Let c(o) = -8*o + 116. Calculate the remainder when c(-22) is divided by 59.
56
Let b = -146 + 159. What is the remainder when 48 is divided by b?
9
Suppose 81 = 3*v - 3*l, 0 = -5*v - 5*l + 21 + 104. What is the remainder when v is divided by (-42)/(-11) + (-2)/(-11)?
2
Let a(l) = -22*l + l**3 - 2*l**2 + 22*l - 2. Let t be a(2). Let h = 6 + t. Calculate the remainder when 6 is divided by h.
2
Let r(g) = 42*g - 4. Let d be r(-3). What is the remainder when (-7644)/d - 1*(-1)/5 is divided by 3?
2
Let o(k) = k**3 - 20*k**2 - 2*k + 44. Let u(s) = s**3 + 5*s**2 + 3*s - 1. Calculate the remainder when u(-2) is divided by o(20).
1
Let r(w) = -w**3 + 8*w**2 + 13*w - 8. Suppose -3510 = -56*h - 9*h. What is the remainder when h is divided by r(9)?
26
Let r(k) be the first derivative of k**4/4 - 3*k**3 + k**2/2 + 6*k - 98. Let g(x) = -2*x - 1. Let f be g(-5). What is the remainder when 27